 = -n**3 + 9*n**2 - 3*n - 37. Calculate the remainder when 80 is divided by j(7).
0
Let p be 5/(2 + -12)*42. Let a = -6 - p. Calculate the remainder when a is divided by 9.
6
Let y = 18 + -28. Let p(f) = 3*f + 14. Let s(j) = j. Let i(g) = p(g) - 4*s(g). What is the remainder when 69 is divided by i(y)?
21
Suppose 3*t - 5*n - 45 = -0, 3*t - 66 = -2*n. Let v(o) = o**3 - 12*o**2 + 8*o - 194. Calculate the remainder when v(13) is divided by t.
19
Let t be (-16)/20 + (-88)/(-10). Calculate the remainder when (-2)/9 + 47/9 is divided by -1 - ((-8)/(-2) - t).
2
Let k(w) be the second derivative of 19*w**3/6 - w**2 - 33*w + 1. Suppose -3 = -4*o + 5. Calculate the remainder when k(o) is divided by 19.
17
Suppose -16 = -q - 0*q. Let f(d) = 31*d - 3. Let l be f(-4). Let g = l + 136. Calculate the remainder when q is divided by g.
7
Let o = 278 + -217. Calculate the remainder when 243 is divided by o.
60
Let d be 3/(-9) - (-26)/(-3). Let l(w) = -2*w - 14. Let i be l(d). Calculate the remainder when 142/i + (-3)/(-2) is divided by 8.
5
Suppose 14*z - 68 - 156 = 0. What is the remainder when 44 is divided by z?
12
Suppose 11*l = 6*l. Suppose 4*d - 38 - 46 = l. What is the remainder when 41 is divided by d?
20
Calculate the remainder when 7/(-49) + (-759)/(-21) is divided by 16.
4
Let v(a) = 0*a**3 - 5*a**2 + 6*a**2 + 1 - 3*a**3. Calculate the remainder when v(-2) is divided by 8.
5
Let l = -20 - -22. Suppose -l*d + 65 = 5*w - 49, 255 = 5*d + 5*w. Let r = d - 28. What is the remainder when r is divided by 11?
8
Let f = -99 - -171. Calculate the remainder when f is divided by 38.
34
Let q = 124 + -69. Let c(b) = -12*b - 8. Let g be c(-7). Suppose -6*m - g = -250. Calculate the remainder when q is divided by m.
26
Let t(i) = i**3 - 14*i**2 + 9. Calculate the remainder when 51 is divided by t(14).
6
Let b(u) = 29*u - 200. Calculate the remainder when 128 is divided by b(8).
0
Suppose 13938*t - 756 = 13926*t. What is the remainder when t is divided by 32?
31
Let r(i) = -i**2 + 10*i - 4. Suppose 3*l - 4*b - 3 = 0, 0 = 5*l + 5*b - 10 - 30. Calculate the remainder when r(7) is divided by l.
2
Let y(p) = 40*p - 151. Calculate the remainder when 358 is divided by y(4).
7
Suppose 0 = 8*v + 67 - 211. Let g be ((-2)/3)/((-2)/15). Suppose -2*y = l - v, g*l - 12 = 3*l + 4*y. Calculate the remainder when 46 is divided by l.
10
Let t = -19 + 29. What is the remainder when 88 is divided by t?
8
Suppose -5*v - 2*g = -3*v - 100, -2*v = g - 101. Calculate the remainder when 174 is divided by v.
21
Let z(k) = 2*k**2 - 11*k - 2. Calculate the remainder when 1631 is divided by z(8).
35
Let u = -179 + 193. Calculate the remainder when ((-407)/(-33))/((-1)/(-9)) is divided by u.
13
Let j = -31 + 35. Calculate the remainder when (-10 + 8)*(-14)/j is divided by 4.
3
Let m = 73 - 43. What is the remainder when m is divided by (34/(-4))/(3/(-6))?
13
Let b be ((-5)/15)/(1/3). Calculate the remainder when 53 is divided by ((-42)/(-49))/(b/(-21)).
17
Suppose p + 140 = 4*z, 71*z - 69*z = -p + 76. Calculate the remainder when 99 is divided by z.
27
Calculate the remainder when 20 is divided by 30/(-375) + 1385/125.
9
Suppose 3*b + 42 = -c + 7, -4*b = 5*c + 32. Suppose 0*h - 2*h - 3*z + 8 = 0, h + 4*z = -6. What is the remainder when 34*1*b/(-26) is divided by h?
7
Suppose 5*k - 30 = d + 4*d, 2 = -d. Calculate the remainder when 39 is divided by k.
3
Let t = -735 + 750. Calculate the remainder when 99 is divided by t.
9
Let o = -2034 + 3120. Calculate the remainder when 109 is divided by (-4)/(-26) + o/39.
25
Let a = -40 + 78. Let j = a - 15. Calculate the remainder when 44 is divided by j.
21
Suppose -2*a - 10 = 48. Let i = 175 + a. Suppose 0 = 4*o + g - 232, -4*g - 106 = -4*o + i. What is the remainder when o is divided by 15?
14
Suppose 5*q - 250 = 5*j, 3*j - 181 = -5*q + 61. What is the remainder when q is divided by 38?
11
Let a be (4/2 - -1) + 10. Suppose 7 - a = -3*x. Suppose 10 = x*o - 30. What is the remainder when 58 is divided by o?
18
Suppose -5*h + p = -345, 2*h - 116 = -p - 3*p. Suppose 0*i + 5*d + 31 = i, i = -3*d - 9. Let t = i + h. Calculate the remainder when t is divided by 38.
36
Suppose -2*d + 35 = 5*q - 12, 2*q - 102 = -4*d. What is the remainder when 169 is divided by d?
13
Let j(h) = -2*h - 2*h + 4 + h**2 - 1. Let z(n) = 714*n - 27117. What is the remainder when z(38) is divided by j(5)?
7
Let a(l) = -l**3 + 8*l**2 - 2*l - 10. Calculate the remainder when 89 is divided by a(7).
14
Let d(f) = f**2 - 3. Let v be d(-3). Suppose 11*u - v*u = 0. Suppose -4*z + 3*c + 2*c + 74 = 0, -4*c + 8 = u. Calculate the remainder when 62 is divided by z.
20
Let k = 46 + 1. Let h = 268 - 172. Suppose 2*u + h = 6*u. Calculate the remainder when k is divided by u.
23
Let u(y) = -29*y + 37. Calculate the remainder when u(-2) is divided by 6.
5
Suppose 4*j - 50 = -6*j. Suppose -i + 658 = 2*y + 3*i, -j*y - 3*i = -1638. What is the remainder when y is divided by 15?
12
Suppose -a + 36 = 5*b - 2*b, 4*b = -4*a + 56. Let t = -4 + b. Suppose 2*i = t*i - 50. Calculate the remainder when 28 is divided by i.
8
Let v(x) = 2*x**2 + 8*x - 112. Calculate the remainder when 686 is divided by v(-11).
14
Suppose -103 = -3*c - 5*a + 209, 0 = 3*a - 18. Calculate the remainder when c is divided by (2 - (1 - -33))*-1.
30
Suppose 4476 = 10*t + 2*t. What is the remainder when t is divided by 75?
73
Let c(x) = 2*x + 55. Let m be c(-17). Suppose j + 2*j = m. What is the remainder when 13 is divided by j?
6
Suppose 44 = -5*l + 194. What is the remainder when 448 is divided by l?
28
Let q = 1252 + -1217. What is the remainder when 262 is divided by q?
17
Let w(m) be the second derivative of m**4/4 + m**3/6 + m**2/2 - 3*m. Let a be (3/3)/((-9)/(-18)). What is the remainder when 43 is divided by w(a)?
13
Suppose -m = -4*v + 6, 2*m + 0*m = -4*v - 36. Suppose z + 18 = 2*i, 40 = 2*i + 2*i - z. What is the remainder when i is divided by (0 + m)*2/(-4)?
4
Let j = 99 - 19. Suppose -j = -6*g + g. Calculate the remainder when 46 is divided by g.
14
Suppose -5*w - 4*r + 3*r + 194 = 0, 168 = 4*w + 4*r. Let b = w + 63. What is the remainder when b is divided by 15?
11
Let m(i) = 72*i - 4. What is the remainder when m(2) is divided by 64?
12
Let t = -89 + 118. What is the remainder when t is divided by 13?
3
Suppose 140 = -4*b - b. Let a be 1 + 1 + (0 - b). Suppose -4*y - f + 32 = -19, 2*f = -2*y + a. What is the remainder when 21 is divided by y?
9
Suppose -3*w = 9, -4*a + 219 = -3*w - 2*w. What is the remainder when a is divided by (-243)/(-27) + 0*(-1)/2?
6
Suppose -3*k - 3*c + 24 = 0, -4*k + 5 + 12 = -c. Suppose 5*i + v - 46 = k*v, -v = -4*i + 39. What is the remainder when 39 is divided by i?
9
Let i(g) = -7*g**2 - 195*g + 46. Calculate the remainder when 358 is divided by i(-28).
16
Suppose -4*m = -2*m - 10. Suppose m + 105 = -5*w. Let u = 78 + w. Calculate the remainder when u is divided by 15.
11
Let b be 329/(-6) + (-4)/24. Let u = b + 68. What is the remainder when 37 is divided by u?
11
Suppose 75 = -3*a + 174. Suppose -u + 3 + 3 = -n, -4*u = -3*n - 24. Calculate the remainder when a is divided by u.
3
Suppose 0 = 2*g + 2*g - 84. Suppose 0 = -5*z + 6*z - 59. What is the remainder when z is divided by g?
17
What is the remainder when (-3 - -4)*3 - -276 is divided by 95?
89
Let z = 4 - -2. Calculate the remainder when 4 is divided by z/(-12)*(0 + -4).
0
Let a = 41 + -20. Suppose 0 = 10*t - 208 + 148. What is the remainder when a is divided by t?
3
Let p(k) = k - 2. Let n be p(8). Let v be n/(-21) - 220/(-35). What is the remainder when (14 - v) + (0 - 2) is divided by 3?
0
Suppose 3*c - 12 = 0, 2*c + 2*c + 208 = 4*g. Calculate the remainder when g is divided by (16/(-14)*-1)/(14/245).
16
What is the remainder when (363/(-6))/((-2)/4) is divided by 16?
9
Let y = -85 - -33. Let j be 33 + -5 + (-1 - -4). Let s = j - y. Calculate the remainder when s is divided by 21.
20
Let s be 10/6 - (-9)/27. Suppose s*g - g = 9. Let a = 14 + g. Calculate the remainder when a is divided by 13.
10
Suppose 3*q + 23*x - 19*x - 58 = 0, -3*q = 2*x - 62. Calculate the remainder when 327 is divided by q.
19
Let i = 120 + -35. Suppose -4*s + 5*u = -94, u - 35 = 2*s - i. Calculate the remainder when s is divided by 7.
5
Calculate the remainder